 Suppose h = -2*x + 948 + 2326. Is x composite?
False
Let l be (-1 + 20/8)*(-728)/(-78). Suppose -11 = -4*t - 3. Is 8589/l + 1/t a composite number?
True
Let n be -1*(-5)/((-10)/(-6)). Suppose 0 = -3*d + p + 2*p + 3, 4*d - 4 = -n*p. Is 6630/25 + d/(-5) a composite number?
True
Let o(y) = 99*y**2 - 35*y + 3. Let b be o(10). Suppose -10*g + 15*g - 2*h - 9549 = 0, 4*h = 5*g - b. Is g composite?
True
Suppose 3*d = -2*p + 31, 0 = -d + p + 2 + 5. Is 5/25*557595/d prime?
True
Let c(r) = 3*r + 44. Let d be c(-13). Suppose 2*w + 68552 = 4*m, -4*m + 60578 = d*w - 7960. Is m composite?
False
Suppose v - 2*q = 32693, 2*v + 10*q - 6*q - 65362 = 0. Is v a composite number?
False
Let b(v) = 16*v**2 - 7*v + 9. Let k be b(4). Let h = -435 + k. Let x = h - -277. Is x a composite number?
False
Suppose -3*b + 42 = 24. Let s be 0 + b - (-14 + 17). Is 3/s + 2436/2 a composite number?
True
Let f(y) = y**2 - 7*y + 3. Let l be f(7). Let u be 4 - (6/l + -2). Suppose u*m - 11273 = -3*o, -5*o - 5449 - 3013 = -3*m. Is m a prime number?
True
Suppose -4*j + 16734 = -5*c, 0 = -4*j + 1 - 17. Let u = -1305 - c. Is u prime?
False
Let b(v) = -40163*v**2 - 10*v + 4. Let q(i) = i**2 + 2*i - 1. Let m(g) = -b(g) - 3*q(g). Is m(1) a prime number?
True
Suppose -26705 - 11375 = -14*x. Let g = -1639 + x. Is g prime?
False
Let w(b) = b**3 + 13*b**2 - 31*b - 1. Let n be w(-15). Let o be (-44)/154 + 22670/n. Let y = -972 + o. Is y composite?
False
Suppose -2*h + 15 = 5*a + 3*h, -a = 4*h. Let c be (6230/(-40))/((-1)/a). Suppose 14*w - 15*w + c = 0. Is w a composite number?
True
Let k be (66/(-110))/(1/(5 - 0)). Is 25007*(2 + 3/k) composite?
True
Suppose 5*a + 3*z = 3582 + 14950, 3*a = -3*z + 11124. Suppose b = -27 + a. Is b a composite number?
False
Let o(z) = -6*z**3 + 13*z**2 - z + 1. Let f(g) be the second derivative of 5*g**3/6 - 17*g**2 - 9*g. Let k be f(5). Is o(k) a composite number?
False
Suppose -1356*n = -1406*n + 4902550. Is n a prime number?
False
Suppose 0 = -5*s - 5*k + 67 - 77, -s - 3*k - 12 = 0. Suppose -s*d + 5*n + 164122 = 0, -5*d + 0*d + 273540 = -5*n. Is d composite?
False
Suppose 0 = -o - j + 333672, -3*j - 1001041 = -3*o - j. Is o a prime number?
False
Let j(a) = 3*a**2 + 22 - 2*a**2 - 17*a + 15. Is j(30) prime?
False
Let d(g) = -116*g**3 + 18*g**2 + 37*g + 67. Is d(-10) composite?
False
Suppose 5*q + 0*q - 659664 = 483971. Is q composite?
True
Suppose 0 = m - 14 + 13. Is m*-2*-35*20/40 composite?
True
Let g(o) = -o**2 + 27*o + 210. Let c be g(33). Is ((-120464)/c)/(6/(-9)) a prime number?
False
Let f be (-21)/18 + 1 - (-285020)/120. Suppose 23*w - 21*w = -z + f, -2*z + 4*w = -4734. Is z a prime number?
True
Let t(s) be the first derivative of 129*s**4/2 - s**3 - s**2/2 + 3*s - 30. Is t(2) composite?
False
Suppose 0 = -2*w - 8, 42*n - 43*n = 5*w - 10733. Is n a composite number?
False
Let u = -12714 + 23617. Is u composite?
False
Suppose -2*g + 20 = 4*o, -5*g + 5 = -3*o - 6. Suppose m + g*f = -0*f + 1438, 4*f - 12 = 0. Suppose -m - 2284 = -10*i. Is i composite?
True
Let z be -1 - -151 - 32/(-8). Suppose -4*s + 7778 = z. Suppose -2*u + s = 2*c, 3*u + 2175 + 696 = 3*c. Is c a composite number?
True
Let z(y) = y**3 - 16*y**2 + y - 6. Let c be z(16). Let u(q) be the second derivative of 85*q**3/2 - 55*q**2/2 - 92*q. Is u(c) a prime number?
False
Is ((-10)/(-5) - -1077211)/((-39)/(-13)) a composite number?
True
Suppose -k - 3*z = -10, -4*z + 11 = 3*k - 19. Let r(f) = 15*f**3 + 4*f**2 + 15*f - 39. Is r(k) a prime number?
True
Suppose 77504 = 6*f - 21700. Suppose 0 = w + 6*w - f. Is w a prime number?
False
Let w(y) = 5*y + 144. Let v be (-9 - 513/(-36))/(6/40). Is w(v) composite?
True
Let b = 133 + -75. Let z = 58 - b. Suppose -v + 2*v = -h + 196, 2*h + 5*v - 377 = z. Is h a prime number?
False
Let c(a) = 15*a**2 - 41 - 14*a - 8*a**2 + 4*a + 5*a**3 - 6*a**3. Is c(-12) a prime number?
False
Suppose 97*c = 102*c - 62630. Let o = 19523 - c. Is o composite?
False
Let x = 9317 - 4655. Suppose 0 = 2*p + s - 3115, 3*p - 6*p - 5*s = -x. Is p composite?
False
Suppose -5*a - 116 = -7*a. Suppose a*d - 60*d = -634. Is d composite?
False
Suppose y + 11 = -y - 5*r, -4*r = -3*y + 18. Is 2302/(y/(-6)*(-18)/3) prime?
True
Suppose -l + 17 = -5*s, 4*s - 7 = 3*l - 25. Is s - 686/(4 + -5) a prime number?
True
Suppose 76*g - 6898017 - 66346725 = 9014770. Is g composite?
True
Suppose 164625 - 3508189 = -302*c + 106*c. Is c a composite number?
True
Let k = 51323 + 51492. Is k a prime number?
False
Let i(l) = l + 2 + 6 + 0. Let b be i(-5). Suppose -5*d = 3*g - 4391, 4*g = -b*d + g + 2637. Is d prime?
True
Let f(i) = 1374*i**2 - 16*i - 153. Is f(-8) a composite number?
False
Let s(i) = 443*i + 90. Suppose 5*p - 89 = -34. Is s(p) a composite number?
True
Let f(n) = -26281*n + 26. Let o be f(-4). Is (2/10)/(6*5/o) composite?
False
Let q = 1658490 + -1110391. Is q a composite number?
False
Let i(z) be the second derivative of 19*z**3/3 - 125*z**2/2 - 79*z. Is i(21) a prime number?
True
Let g(u) = 161*u + 65. Suppose 41*z = 32*z + 36. Is g(z) composite?
False
Let w be (8/6)/((-4)/(-6)). Suppose i - 4*i = 9*i. Suppose -s - 4*s - 3*z + 3811 = i, w*z - 2287 = -3*s. Is s a prime number?
True
Suppose -28*c + 2*c + c = -31716325. Is c composite?
True
Let o = 13 + -17. Let d(c) = c**3 + c**2 + 2*c - 1. Let l(i) = 3*i**2 + 7*i + 2. Let y(m) = -5*d(m) + l(m). Is y(o) composite?
False
Suppose 0 = -3*x + 12 - 0, 4*k - 112 = -x. Is (-21632)/(-5) + k/45 a composite number?
False
Let j be ((-6)/(-15))/(2/15). Suppose j*i + 0*i + 63 = 0. Is (287/i)/(2/(-18)) prime?
False
Let b = -8 + 50. Let a = b + -42. Suppose a = -2*j - j + 2391. Is j a composite number?
False
Let f be (-2 + -1 + 0 - -2)*-4. Let x be -3 + (f - 4) - -3. Suppose -3*s + 8600 = 4*r - x*s, 20 = -5*s. Is r composite?
False
Let q(f) = -f**2 - 7*f - 2. Let y be q(2). Let i(o) = 63*o**2 + 61*o + 15. Is i(y) composite?
True
Let h = -63890 + 221549. Is h a composite number?
True
Suppose -1240272574 = -346*y + 818462978 + 297522718. Is y a composite number?
True
Let i(j) = 17605*j - 623. Is i(16) prime?
False
Suppose 0 = x - 5*x - 4*z - 36, -5*x = 4*z + 46. Let h be 6/(-10) + 194/x. Is 442 - 4/(h/15) prime?
False
Let j = 6 + 6. Suppose 3*v - j = 9. Suppose -5*w - 148 = -v*w. Is w prime?
False
Let a(m) = 52*m**2 - 80*m + 131. Is a(46) composite?
True
Let c be 82/5 - (-16)/(-40). Suppose w = 3*w + c. Is 1 + 152 + (w - -4) a prime number?
True
Let o(h) = -7*h**3 - 14*h**2 - 13*h - 18. Let x(m) = -m**2 - m - 1. Let d(p) = -o(p) - 3*x(p). Is d(13) composite?
False
Let k(y) be the second derivative of y**5/10 - 5*y**4/6 + 2*y**3 - y**2/2 + 2*y + 19. Is k(8) composite?
False
Let k(q) = 144*q**2 - 89*q + 213. Is k(36) composite?
True
Let t(k) = 435*k**3 - 15*k**2 + 26*k + 13. Is t(11) prime?
False
Let m be -1*((-50)/6 + (-2)/(-6)). Suppose m*l = 5291 + 11181. Is l a composite number?
True
Let j be ((-116)/(-203))/(2/84). Suppose -77604 = -36*v + j*v. Is v a composite number?
True
Suppose 15*j - 155365 = -20*j. Suppose 0 = 2*u - u, 4*u = d - j. Is d a prime number?
False
Let k(n) be the second derivative of 11*n**4/3 - 5*n**3/3 + 19*n**2/2 - 3*n - 20. Is k(6) a composite number?
False
Is (4 - -18)/(-154)*-27769 prime?
True
Suppose -6*s - 12448 - 3752 = 0. Let v = 523 - s. Is v a prime number?
False
Is (-457367)/(92/92*-1*1) a prime number?
True
Let a(h) = -3241*h**3 - 9*h**2 - 40*h + 17. Is a(-4) composite?
False
Let x = 0 - -4. Suppose 5*q = b + 12, 43*q - 44*q = -3. Suppose x*y - 1001 = -b*i, -5*i + 1314 = -i - 5*y. Is i a composite number?
False
Is (-517)/94 + 1381256/16 a composite number?
False
Let l be 5/(-1) - (-123716 + 5). Suppose -2*f = 20*f - l. Is f prime?
True
Suppose 4*f - 436 = 2*f. Let t = f - 110. Let l = t + 11. Is l composite?
True
Let s = 1596 - 2413. Suppose 4*x = -x + 1670. Let b = x - s. Is b a prime number?
True
Suppose -68 = -14*d - 362. Let s(n) = n**3 + 21*n**2 - 14*n - 35. Is s(d) a prime number?
False
Let q(k) = 2*k**2 + 20*k + 37. Let z(m) = 4*m + 2*m**2 + 184*m**3 - 183*m**3 - m**2 - 4 + 1. Let h be z(2). Is q(h) a prime number?
False
Let l(c) = 35*c + 5. Let j be l(-1). Let u(y) = 442*y**2 - 2*y + 1. Let s be u(1). Let t = s - j. Is t composite?
True
Is 100/40 - (-99225)/2 a composite number?
True
Let l = -87 - -91. Suppose -l*z + 382